 -3*q - 21705 = -5*y. What is the units digit of y?
4
Let d(n) = 6*n**2 + 45*n + 1020. What is the hundreds digit of d(-50)?
7
Let a = 5239 - 2541. What is the thousands digit of a?
2
Let j(l) = 2*l**2 + 4*l - 5. Let w be j(-4). Let n = -1076 + 2036. Suppose -n = 7*d - w*d. What is the tens digit of d?
4
Let z be 1 + (-3)/(-6)*6/1. Suppose -3*f + 24 = 2*s - 5*s, 4*s = -z*f + 40. Suppose 139 + f = 2*n. What is the tens digit of n?
7
Let n = -41 + 50. Let j(q) = -n*q**2 + 2*q**3 - 21 - 4*q**3 + 3*q**3 - 2*q**3. What is the tens digit of j(-10)?
7
Let l be 12*1*5/15. Suppose -l*n = 314 + 46. Let a = -52 - n. What is the units digit of a?
8
Let w(i) = 231*i - 15. Let c be w(7). Let t = c + -945. Suppose 3*y - 6*y = -t. What is the units digit of y?
9
Suppose -3*k + 20 = -16. Suppose -6226 = -10*o - k*o. What is the tens digit of o?
8
Suppose 3*b + 201 - 210 = 0. Suppose b*f + 0*f = 804. What is the hundreds digit of f?
2
Suppose -378 = -115*m + 101*m. Suppose -m*s + 20*s + 5607 = 0. What is the units digit of s?
1
Let p(h) = h**2 - 17*h + 34. Let y be p(15). Suppose m - y*m = -12. Suppose -f + 117 = 2*u, 3*f + 4*u + 87 = m*f. What is the hundreds digit of f?
1
Suppose -54*m + 848010 = -8*m. Suppose -42*x - m = -57*x. What is the tens digit of x?
2
Let s(l) = 50*l**2 + 16*l + 386. What is the ten thousands digit of s(-31)?
4
Let x = 35 + -22. Let i = x + 19. Suppose i = o + 1. What is the units digit of o?
1
Let r(a) = 1345*a**2 - 20*a - 341. What is the units digit of r(6)?
9
Suppose -3*r - 3*r = -6. Let o be (-3)/1 - r*(-3)/3. What is the tens digit of (o + 10/3)/((-1)/(-60))?
8
Suppose 568 + 3194 = 18*t. Suppose 4*a = -16, -a = 4*j - t - 387. What is the units digit of j?
0
Suppose 27072 + 41354 = 4*r - 2*m, 0 = r + 4*m - 17084. What is the units digit of r?
4
Let f = -7806 + 18567. What is the units digit of f?
1
Let l(g) = g**3 + 22*g**2 + 25*g - 87. Let q(t) = 4*t**3 + 3*t**2 + t + 2. Let j be q(-2). What is the tens digit of l(j)?
1
Let t = 310 + -310. Let m be (0 - 0) + (-1005)/(-3). Suppose -6*b + b + m = t. What is the units digit of b?
7
Suppose -4*o + 547 = 5*f, 2*f - 2*o - 205 = o. Suppose -105*u + 8 = -f*u. What is the tens digit of 266*((126/u)/(-7) - 4)?
3
Suppose 0 = -46*v + 5*v + 1028690. What is the hundreds digit of v?
0
Let z(p) = -7*p**3 - 5*p**2 - 10*p - 2. Let a be z(-6). Suppose -5*o = 5*j - a, -2*o - 5*j + 171 + 400 = 0. What is the hundreds digit of o?
2
Let u(n) = 5*n**2 + 6*n + 5. Suppose i + o = -0*o - 3, -4*o = -3*i - 23. Let g be u(i). Suppose 3*s - g = s. What is the units digit of s?
0
What is the thousands digit of ((-594)/(-330))/(70787/(-70790) - -1)?
2
Let y(i) = 195*i + 176. Let u(z) = 783*z + 706. Let n(t) = 2*u(t) - 9*y(t). What is the tens digit of n(-4)?
8
Let j be (-795)/5*(-2)/(-2) + -3. Let f = 844 + j. What is the tens digit of f?
8
Suppose -46*s + 51*s = 95. Suppose s*q - 27*q = -3904. What is the units digit of q?
8
Let t = -218 + 376. Suppose n = -n - t. Let f = 187 + n. What is the units digit of f?
8
What is the thousands digit of (3/(-2))/((-180)/990*(-2)/(-1080))?
4
Suppose -22139 = -b - 4*d, 0 = 3*b - 5*d - 69085 + 2617. What is the tens digit of b?
5
Let g = 263 + -207. Let f = g + 78. What is the tens digit of f?
3
Let t = 12956 + -5657. What is the thousands digit of t?
7
Let i(r) be the third derivative of r**6/30 - r**5/60 + r**4/24 + r**3/2 - 20*r**2. Let h be i(2). Suppose -8*v = -519 - h. What is the units digit of v?
9
Let l(w) = -11*w + 28. Let i(t) = -1. Let b(g) = -2*i(g) + l(g). Let z = 1311 - 1323. What is the tens digit of b(z)?
6
Suppose 8*f + 3*y = 11*f - 3981, 3*f + 4*y = 3946. Let h = f - 530. Suppose 3*v = -4*l + 439, 5*l + 248 - h = v. What is the hundreds digit of l?
1
Let v(w) = -39*w + 33. Suppose 8*c + 11 + 29 = 0. What is the tens digit of v(c)?
2
Suppose 34 = 5*o - 2*d + 3*d, 4*d - 28 = -2*o. Let r(c) = -c - 1. Let a(p) = -5*p - 28. Let h(u) = 2*a(u) - 22*r(u). What is the units digit of h(o)?
8
What is the tens digit of (-58132)/(-12) + (1881/(-27))/(-19)?
4
Let l(h) = -6*h + 53. Let d be l(8). Suppose -d*x + 3*x - 2 = 0. Let c(p) = -189*p**3 - 3*p**2 - 3*p - 1. What is the tens digit of c(x)?
8
Suppose -3*m = 5*j - 17406, -2*j - 2*m = 3*m - 6970. Let n = -2085 + j. What is the thousands digit of n?
1
Let k = -1563 - -12632. What is the thousands digit of k?
1
Let b(i) = 3*i**2 + 92*i - 4198. What is the units digit of b(42)?
8
Let m(l) = l**2 - 21. Suppose 16 = -a + 3*y - 12, -2*y = -2. What is the hundreds digit of m(a)?
6
Let q(i) = 2*i**3 - 46*i**2 - 66*i - 296. What is the ten thousands digit of q(32)?
1
Suppose 3*w = 4*a - 16965, 17*a + 4*w = 14*a + 12705. What is the units digit of a?
9
What is the hundreds digit of 2/(18 + (-12990320)/721686)?
5
Suppose 3*v = -2*v + 4*u + 740, -2*v = 5*u - 296. Suppose 0 = -2*s - 118 - v. Let o = s - -289. What is the tens digit of o?
5
Let h(w) = 48*w**2 - w - 3. Let x be h(-1). What is the units digit of (-23 - -1)/((-3)/(x - 1))?
0
Let x(j) = -j**2 + 9*j - 1. Let c be x(8). Suppose 5*n - 92 = -c. Suppose -3*m = -n*m + 238. What is the units digit of m?
7
Let q(n) = n**2 - 37*n - 59. Let k be q(39). Let m(u) = 4*u**2 + 9*u - 8. What is the thousands digit of m(k)?
1
Suppose -2*t - 10 = 0, 4*t = 4*o - 63 - 29. Let q be ((-6)/o)/(2/(-60)). Suppose -q*u + 144 = -2*u. What is the units digit of u?
8
Suppose -78*g = -85*g. Suppose g = -z + 543 + 539. What is the thousands digit of z?
1
Suppose -4*p + 23 = -2*z - 15, 0 = 2*p + z - 29. What is the tens digit of p/(0 - 15/(-400))?
2
Let i = 502 - 697. Let h = -146 - i. What is the tens digit of h?
4
Let i(u) = -38*u**3 - 19*u**2 - 46*u - 5. What is the thousands digit of i(-8)?
8
Let f = -68 - -68. Suppose 2492 = 3*h - i - f*i, 832 = h + i. What is the units digit of h?
1
What is the tens digit of ((-5981928)/6209)/((-1)/4 + 55/252)?
4
Let k(z) be the third derivative of z**6/120 - 2*z**5/5 + 11*z**4/24 + 7*z**3 - 5*z**2 + 2. What is the units digit of k(24)?
6
Let j(w) = 35*w - 165. Let k be j(6). What is the tens digit of 15/k + (-3957)/(-9)?
4
Let o = -7560 + 12393. What is the tens digit of o?
3
Let c = 17 - 25. Let t = 10 + c. Suppose -5*i = -t*a - 2*i + 82, -5*i - 205 = -5*a. What is the units digit of a?
1
Let o(d) = -59*d - 12. Let s(x) = -59*x - 12. Suppose -9*j + 12*j - 18 = 0. Let k(h) = j*s(h) - 7*o(h). What is the tens digit of k(2)?
3
Suppose -2826*n + 36 = -2835*n. Let v(t) be the first derivative of -19*t**2/2 - 6*t - 1. What is the units digit of v(n)?
0
Let g = -2732 - -3861. What is the thousands digit of g?
1
Let b = 3038 + -429. What is the units digit of b?
9
What is the tens digit of (-2)/(-30) + (-132378018)/(-2070) - (-1)/5?
5
Suppose 1180*m + 24216 = c + 1181*m, -4*c + 10*m = -96990. What is the thousands digit of c?
4
Let c(o) = 1118*o + 118. What is the hundreds digit of c(9)?
1
Let c = -210 + 217. Suppose -18 + 39 = c*m. What is the units digit of m?
3
Let h(i) = 319*i**2 - 3 + 5*i + 163*i**2 - 7*i. What is the tens digit of h(-1)?
8
Suppose -4*c - 15747 = -p, -3*p - c = -0*c - 47176. What is the tens digit of p?
2
Let x(j) = -4*j**2 + 0*j**2 + 10 + 3*j**2 - 1 - 5*j. Let w be x(-6). What is the tens digit of (w - (-15)/(-4))*-168?
2
Suppose 4*w = 4*j + 56, -3*j + 2 = -2*j - 5*w. Let o(s) = 18*s**2 + 4*s**3 + 8 - 4*s - 2*s**3 - s**3. What is the tens digit of o(j)?
8
Suppose -v - 30 = -4*a, 4*v + 3*a = 4*a - 45. Let h be 2/v + 117/(-65). What is the tens digit of (22/(-6))/(h/12)?
2
Let c be (-5)/10 - (-146)/4. Suppose -19*q + 126 = -22*q. What is the tens digit of (c/q)/(1 + (-408)/406)?
7
Suppose -98*s - 1482210 = -365*s + 1097811. What is the units digit of s?
3
Suppose 4*n = -5*l + 94566, 2*n - 33586 - 42074 = -4*l. What is the units digit of l?
8
Suppose 2*u = -2*u - 0*u. Suppose u = 3*j - 12*j + 4878. What is the tens digit of j?
4
Let y = 39 + -18. What is the tens digit of ((-105)/y)/(((-8)/1196)/2)?
9
Let d(w) = w**2 - 9*w - 3. Let s be d(7). Let h(q) = q**3 + 20*q**2 + 35*q + 40. What is the tens digit of h(s)?
1
Let v(c) = 17*c**2 + 10*c - 20. Let f be v(-7). Suppose f - 2363 = -3*q. What is the units digit of q?
0
Suppose -36*i = -170713 - 250343. What is the tens digit of i?
9
Let f = 1635 + 4040. What is the hundreds digit of f?
6
Let 